89 is divided by 167.
22
Calculate the remainder when 901 is divided by 43.
41
What is the remainder when 418 is divided by 28?
26
Calculate the remainder when 212 is divided by 12.
8
What is the remainder when 396 is divided by 100?
96
Calculate the remainder when 2164 is divided by 145.
134
Calculate the remainder when 1026 is divided by 244.
50
What is the remainder when 918 is divided by 341?
236
Calculate the remainder when 808 is divided by 27.
25
Calculate the remainder when 261 is divided by 8.
5
What is the remainder when 2699 is divided by 39?
8
What is the remainder when 837 is divided by 70?
67
Calculate the remainder when 216 is divided by 22.
18
What is the remainder when 2472 is divided by 353?
1
Calculate the remainder when 1188 is divided by 187.
66
What is the remainder when 48 is divided by 29?
19
What is the remainder when 1771 is divided by 581?
28
Calculate the remainder when 2162 is divided by 1071.
20
Calculate the remainder when 129 is divided by 12.
9
What is the remainder when 289 is divided by 4?
1
Calculate the remainder when 1134 is divided by 8.
6
Calculate the remainder when 353 is divided by 105.
38
Calculate the remainder when 417 is divided by 36.
21
What is the remainder when 434 is divided by 105?
14
Calculate the remainder when 65 is divided by 17.
14
Calculate the remainder when 678 is divided by 46.
34
What is the remainder when 361 is divided by 73?
69
Calculate the remainder when 610 is divided by 311.
299
Calculate the remainder when 3107 is divided by 1550.
7
What is the remainder when 79 is divided by 7?
2
Calculate the remainder when 1528 is divided by 17.
15
What is the remainder when 47 is divided by 18?
11
Calculate the remainder when 505 is divided by 22.
21
What is the remainder when 1847 is divided by 7?
6
Calculate the remainder when 105 is divided by 11.
6
What is the remainder when 812 is divided by 75?
62
Calculate the remainder when 128 is divided by 54.
20
What is the remainder when 4552 is divided by 163?
151
What is the remainder when 78 is divided by 24?
6
What is the remainder when 90 is divided by 27?
9
What is the remainder when 146 is divided by 17?
10
What is the remainder when 210 is divided by 17?
6
Calculate the remainder when 550 is divided by 183.
1
What is the remainder when 110 is divided by 42?
26
What is the remainder when 592 is divided by 50?
42
What is the remainder when 405 is divided by 26?
15
What is the remainder when 311 is divided by 53?
46
What is the remainder when 150 is divided by 40?
30
What is the remainder when 334 is divided by 86?
76
What is the remainder when 99 is divided by 51?
48
What is the remainder when 19 is divided by 15?
4
What is the remainder when 260 is divided by 17?
5
What is the remainder when 100 is divided by 53?
47
What is the remainder when 532 is divided by 26?
12
What is the remainder when 449 is divided by 72?
17
Calculate the remainder when 808 is divided by 147.
73
What is the remainder when 1060 is divided by 1041?
19
What is the remainder when 9 is divided by 6?
3
What is the remainder when 4722 is divided by 107?
14
Calculate the remainder when 540 is divided by 21.
15
Calculate the remainder when 116 is divided by 23.
1
Calculate the remainder when 4702 is divided by 24.
22
What is the remainder when 176 is divided by 29?
2
What is the remainder when 319 is divided by 16?
15
Calculate the remainder when 107 is divided by 43.
21
What is the remainder when 567 is divided by 52?
47
What is the remainder when 184 is divided by 152?
32
Calculate the remainder when 1323 is divided by 16.
11
Calculate the remainder when 98 is divided by 23.
6
Calculate the remainder when 195 is divided by 162.
33
What is the remainder when 1029 is divided by 207?
201
Calculate the remainder when 53 is divided by 3.
2
What is the remainder when 5353 is divided by 141?
136
What is the remainder when 484 is divided by 129?
97
What is the remainder when 502 is divided by 24?
22
What is the remainder when 963 is divided by 125?
88
Calculate the remainder when 1284 is divided by 15.
9
What is the remainder when 5233 is divided by 15?
13
What is the remainder when 215 is divided by 84?
47
What is the remainder when 573 is divided by 36?
33
What is the remainder when 186 is divided by 65?
56
Calculate the remainder when 3554 is divided by 14.
12
What is the remainder when 213 is divided by 54?
51
What is the remainder when 244 is divided by 103?
38
Calculate the remainder when 294 is divided by 88.
30
What is the remainder when 176 is divided by 21?
8
What is the remainder when 2276 is divided by 72?
44
What is the remainder when 735 is divided by 145?
10
What is the remainder when 8065 is divided by 24?
1
Calculate the remainder when 1333 is divided by 22.
13
What is the remainder when 2575 is divided by 60?
55
What is the remainder when 5387 is divided by 14?
11
What is the remainder when 577 is divided by 53?
47
Calculate the remainder when 199 is divided by 25.
24
What is the remainder when 313 is divided by 18?
7
What is the remainder when 1336 is divided by 165?
16
Calculate the remainder when 174 is divided by 59.
56
What is the remainder when 53 is divided by 32?
21
Calculate the remainder when 741 is divided by 93.
90
What is the remainder when 27453 is divided by 14?
13
What is the remainder when 77 is divided by 26?
25
Calculate the remainder when 99 is divided by 46.
7
What is the remainder when 45 is divided by 16?
13
Calculate the remainder when 1459 is divided by 69.
10
Calculate the remainder when 186 is divided by 15.
6
What is the remainder when 6351 is divided by 159?
150
Calculate the remainder when 207 is divided by 42.
39
What is the remainder when 241 is divided by 25?
16
Calculate the remainder when 197 is divided by 11.
10
Calculate the remainder when 488 is divided by 49.
47
Calculate the remainder when 463 is divided by 193.
77
Calculate the remainder when 325 is divided by 30.
25
What is the remainder when 507 is divided by 15?
12
What is the remainder when 31 is divided by 20?
11
What is the remainder when 24 is divided by 7?
3
Calculate the remainder when 101 is divided by 27.
20
What is the remainder when 71 is divided by 25?
21
What is the remainder when 286 is divided by 9?
7
Calculate the remainder when 1799 is divided by 202.
183
What is the remainder when 426 is divided by 154?
118
What is the remainder when 112 is divided by 3?
1
Calculate the remainder when 106 is divided by 22.
18
What is the remainder when 770 is divided by 2?
0
What is the remainder when 50 is divided by 14?
8
Calculate the remainder when 858 is divided by 7.
4
What is the remainder when 228 is divided by 117?
111
What is the remainder when 26 is divided by 4?
2
Calculate the remainder when 998 is divided by 250.
248
What is the remainder when 2526 is divided by 9?
6
What is the remainder when 3287 is divided by 6?
5
What is the remainder when 40 is divided by 17?
6
Calculate the remainder when 346 is divided by 63.
31
Calculate the remainder when 15688 is divided by 13.
10
Calculate the remainder when 326 is divided by 82.
80
Calculate the remainder when 68 is divided by 29.
10
What is the remainder when 1607 is divided by 5?
2
Calculate the remainder when 322 is divided by 18.
16
What is the remainder when 83 is divided by 20?
3
Calculate the remainder when 4839 is divided by 38.
13
What is the remainder when 45 is divided by 18?
9
Calculate the remainder when 39 is divided by 23.
16
What is the remainder when 161 is divided by 50?
11
What is the remainder when 170 is divided by 120?
50
Calculate the remainder when 843 is divided by 212.
207
Calculate the remainder when 1214 is divided by 53.
48
Calculate the remainder when 42 is divided by 3.
0
What is the remainder when 4300 is divided by 479?
468
Calculate the remainder when 764 is divided by 16.
12
Calculate the remainder when 8853 is divided by 2940.
33
Calculate the remainder when 352 is divided by 179.
173
Calculate the remainder when 143 is divided by 33.
11
What is the remainder when 6009 is divided by 1997?
18
Calculate the remainder when 357 is divided by 91.
84
What is the remainder when 590 is divided by 37?
35
What is the remainder when 2371 is divided by 787?
10
What is the re